{"id":7,"date":"2017-09-12T07:44:31","date_gmt":"2017-09-12T07:44:31","guid":{"rendered":"https:\/\/artofkrsnak.hu\/?page_id=7"},"modified":"2026-04-23T10:51:12","modified_gmt":"2026-04-23T10:51:12","slug":"kezdolap","status":"publish","type":"page","link":"https:\/\/artofkrsnak.hu\/?page_id=7","title":{"rendered":"Bio"},"content":{"rendered":"<div class=\"page\" title=\"Page 2\">\n<div class=\"layoutArea\">\n<div class=\"column\">\n<div class=\"page\" title=\"Page 2\">\n<div class=\"layoutArea\">\n<div class=\"column\">\n<p><strong>TANULMA\u0301NYOK<\/strong><\/p>\n<p>Konstantin Filozo\u0301fus Egyetem &#8211; Nyitra<\/p>\n<p>Ke\u0301pzo\u030bmu\u030bve\u0301szeti e\u0301s pedago\u0301giai tana\u0301r-mesterfokozat Diplomamunka ci\u0301me: Jelenkori figura\u0301lis feste\u0301szet Szlova\u0301kia\u0301ban<\/p>\n<p>Konstantin Filozo\u0301fus Egyetem &#8211; Nyitra<\/p>\n<p>Ke\u0301pzo\u030bmu\u030bve\u0301szeti e\u0301s pedago\u0301giai tana\u0301r-alapfokozat Diplomamunka ci\u0301me: Digital Painting<\/p>\n<div class=\"page\" title=\"Page 2\">\n<div class=\"layoutArea\">\n<div class=\"column\">\n<p><strong>KIA\u0301LLI\u0301TA\u0301SOK<\/strong><\/p>\n<div class=\"page\" title=\"Page 3\">\n<div class=\"layoutArea\">\n<div class=\"column\">\n<div>\n<p class=\"p2\"><b>Egy\u00e9ni<\/b><\/p>\n<\/div>\n<div>\n<p class=\"p2\">2017- Young Generation Art Fair , Budapest<\/p>\n<\/div>\n<div>\n<p class=\"p2\">2019- Godot Gal\u00e9ria ,,\u00c1larc m\u00f6g\u00f6tt,, , Budapest<\/p>\n<\/div>\n<div>\n<p class=\"p2\">2019- OTP Bank Gal\u00e9ria ,,\u00c1larcok \u00e9s \u00e9rzelmek, Budapest<\/p>\n<\/div>\n<div>\n<p class=\"p2\">2019- Tak\u00e1ts Gyula K\u00f6nyvt\u00e1r ,,\u00c1larcok \u00e9s \u00e9rzelmek,, Kaposv\u00e1r<\/p>\n<\/div>\n<div>\n<p class=\"p2\">2019- Vajdahunyad V\u00e1r ,, Mag\u00e1n\u00e9let,, Budapest<\/p>\n<\/div>\n<div>\n<p class=\"p2\"><b>Csoportos<\/b><\/p>\n<\/div>\n<div>\n<p class=\"p2\">2015- Nyitrai gal\u00e9ria (Nitriansk\u00e1 gal\u00e9ria) ,,Diplom,, Nyitra, Szlov\u00e1kia<\/p>\n<\/div>\n<div>\n<p class=\"p4\">2019- Galleria Merlino ,, Arte e Collezionismo,, ,Firenze,<\/p>\n<\/div>\n<div>\n<p class=\"p4\">2020- Gallery M21 ,,\u00c1llapotfelm\u00e9r\u00e9s | P\u00e9cs2019,, P\u00e9cs,<\/p>\n<\/div>\n<div>\n<p class=\"p4\">2020-Savremena galerija Subotica ,,Hat\u00e1rtalan k\u00e9pz\u0151m\u0171v\u00e9szet,, Szerbia<\/p>\n<\/div>\n<div>\n<p class=\"p4\">2021- I. Felvid\u00e9ki Sz\u00e9pm\u0171v\u00e9szeti Bienn\u00e1l\u00e9, Kom\u00e1rom<\/p>\n<\/div>\n<div>\n<p class=\"p4\">2024- ,,70 \u00c9V- 7 m\u0171v\u00e9sz, 7 alkot\u00e1s,, Domb\u00f3v\u00e1r<\/p>\n<\/div>\n<div>\n<p class=\"p4\">2024- Godot Art Expo, Budapest<\/p>\n<\/div>\n<div>\n<p class=\"p4\">2025- Godot Art Expo, Budapest<\/p>\n<p><strong>PUBLIK\u00c1CI\u00d3K<\/strong><\/p>\n<\/div>\n<\/div>\n<\/div>\n<div class=\"layoutArea\">\n<div class=\"column\">\n<p>Umel\u030ckyn\u030ca z ocele- Jedina\u0301 slovenska\u0301 maliarka, ktora\u0301 zvla\u0301dla <span style=\"font-size: inherit;\">preka\u0301z\u030ckovy\u0301 beh britskej pechoty, je Alexandra Krs\u030cn\u030ca\u0301kova\u0301, NOVY\u0301 C\u030cAS <\/span><span style=\"font-size: inherit;\">PRE Z\u030cENY,<\/span><span style=\"font-size: inherit;\">2011<\/span><\/p>\n<\/div>\n<\/div>\n<div class=\"layoutArea\">\n<div class=\"column\">\n<p>Alexandra sa va\u0301l\u030ca v blate, mal\u030cuje akty aj karikatu\u0301ry, KORZA\u0301R <span style=\"font-size: inherit;\">SME, 2013<\/span><\/p>\n<\/div>\n<\/div>\n<div class=\"layoutArea\">\n<div class=\"column\">\n<p>Ne\u0301gykezes va\u0301szonra, bo\u030brre, papi\u0301rra, falra e\u0301s monitorra, MADE IN <span style=\"font-size: inherit;\">PE\u0301CS <\/span><span style=\"font-size: inherit;\">, 2017<\/span><\/p>\n<\/div>\n<\/div>\n<div class=\"layoutArea\">\n<div class=\"column\">\n<p>Kito\u0308mo\u0308tt fejek, LUGAS, Magyar ido\u030bk, <span style=\"font-size: inherit;\">2019<\/span><\/p>\n<\/div>\n<p><strong>DI\u0301JAK<\/strong><\/p>\n<p>Young Art Generation Art Fair &#8211; Fo\u030bdi\u0301j, 2017<\/p>\n<p>Emberi Er\u0151forr\u00e1sok Miniszt\u00e9riuma D\u00edj- 2021<\/p>\n<\/div>\n<\/div>\n<\/div>\n<\/div>\n<\/div>\n<\/div>\n<\/div>\n<\/div>\n<\/div>\n<\/div>\n<\/div>\n<div class=\"column\"><\/div>\n<div><\/div>\n<div><\/div>\n","protected":false},"excerpt":{"rendered":"<p>TANULMA\u0301NYOK Konstantin Filozo\u0301fus Egyetem &#8211; Nyitra Ke\u0301pzo\u030bmu\u030bve\u0301szeti e\u0301s pedago\u0301giai tana\u0301r-mesterfokozat Diplomamunka ci\u0301me: Jelenkori figura\u0301lis feste\u0301szet Szlova\u0301kia\u0301ban Konstantin Filozo\u0301fus Egyetem &#8211; Nyitra Ke\u0301pzo\u030bmu\u030bve\u0301szeti e\u0301s pedago\u0301giai tana\u0301r-alapfokozat Diplomamunka ci\u0301me: Digital Painting KIA\u0301LLI\u0301TA\u0301SOK Egy\u00e9ni 2017- Young Generation Art Fair , Budapest 2019- Godot Gal\u00e9ria ,,\u00c1larc m\u00f6g\u00f6tt,, , Budapest 2019- OTP Bank Gal\u00e9ria ,,\u00c1larcok \u00e9s \u00e9rzelmek, Budapest 2019- Tak\u00e1ts Gyula K\u00f6nyvt\u00e1r ,,\u00c1larcok \u00e9s \u00e9rzelmek,, Kaposv\u00e1r 2019- Vajdahunyad V\u00e1r ,, Mag\u00e1n\u00e9let,, Budapest Csoportos 2015- Nyitrai<\/p>\n<div class=\"read-more\"><a class=\"btn read-more-btn\" href=\"https:\/\/artofkrsnak.hu\/?page_id=7\">Read More<\/a><\/div>\n","protected":false},"author":1,"featured_media":0,"parent":0,"menu_order":0,"comment_status":"closed","ping_status":"closed","template":"","meta":{"_monsterinsights_skip_tracking":false,"_monsterinsights_sitenote_active":false,"_monsterinsights_sitenote_note":"","_monsterinsights_sitenote_category":0,"_vp_format_video_url":"","_vp_image_focal_point":[],"footnotes":""},"class_list":["post-7","page","type-page","status-publish","hentry"],"_links":{"self":[{"href":"https:\/\/artofkrsnak.hu\/index.php?rest_route=\/wp\/v2\/pages\/7","targetHints":{"allow":["GET"]}}],"collection":[{"href":"https:\/\/artofkrsnak.hu\/index.php?rest_route=\/wp\/v2\/pages"}],"about":[{"href":"https:\/\/artofkrsnak.hu\/index.php?rest_route=\/wp\/v2\/types\/page"}],"author":[{"embeddable":true,"href":"https:\/\/artofkrsnak.hu\/index.php?rest_route=\/wp\/v2\/users\/1"}],"replies":[{"embeddable":true,"href":"https:\/\/artofkrsnak.hu\/index.php?rest_route=%2Fwp%2Fv2%2Fcomments&post=7"}],"version-history":[{"count":23,"href":"https:\/\/artofkrsnak.hu\/index.php?rest_route=\/wp\/v2\/pages\/7\/revisions"}],"predecessor-version":[{"id":3617,"href":"https:\/\/artofkrsnak.hu\/index.php?rest_route=\/wp\/v2\/pages\/7\/revisions\/3617"}],"wp:attachment":[{"href":"https:\/\/artofkrsnak.hu\/index.php?rest_route=%2Fwp%2Fv2%2Fmedia&parent=7"}],"curies":[{"name":"wp","href":"https:\/\/api.w.org\/{rel}","templated":true}]}}

<div class="page" title="Page 2">
<div class="layoutArea">
<div class="column">
<div class="page" title="Page 2">
<div class="layoutArea">
<div class="column">
<p><strong>TANULMÁNYOK</strong></p>
<p>Konstantin Filozófus Egyetem &#8211; Nyitra</p>
<p>Képzőművészeti és pedagógiai tanár-mesterfokozat Diplomamunka címe: Jelenkori figurális festészet Szlovákiában</p>
<p>Konstantin Filozófus Egyetem &#8211; Nyitra</p>
<p>Képzőművészeti és pedagógiai tanár-alapfokozat Diplomamunka címe: Digital Painting</p>
<div class="page" title="Page 2">
<div class="layoutArea">
<div class="column">
<p><strong>KIÁLLÍTÁSOK</strong></p>
<div class="page" title="Page 3">
<div class="layoutArea">
<div class="column">
<div>
<p class="p2"><b>Egyéni</b></p>
</div>
<div>
<p class="p2">2017- Young Generation Art Fair , Budapest</p>
</div>
<div>
<p class="p2">2019- Godot Galéria ,,Álarc mögött,, , Budapest</p>
</div>
<div>
<p class="p2">2019- OTP Bank Galéria ,,Álarcok és érzelmek, Budapest</p>
</div>
<div>
<p class="p2">2019- Takáts Gyula Könyvtár ,,Álarcok és érzelmek,, Kaposvár</p>
</div>
<div>
<p class="p2">2019- Vajdahunyad Vár ,, Magánélet,, Budapest</p>
</div>
<div>
<p class="p2"><b>Csoportos</b></p>
</div>
<div>
<p class="p2">2015- Nyitrai galéria (Nitrianská galéria) ,,Diplom,, Nyitra, Szlovákia</p>
</div>
<div>
<p class="p4">2019- Galleria Merlino ,, Arte e Collezionismo,, ,Firenze,</p>
</div>
<div>
<p class="p4">2020- Gallery M21 ,,Állapotfelmérés | Pécs2019,, Pécs,</p>
</div>
<div>
<p class="p4">2020-Savremena galerija Subotica ,,Határtalan képzőművészet,, Szerbia</p>
</div>
<div>
<p class="p4">2021- I. Felvidéki Szépművészeti Biennálé, Komárom</p>
</div>
<div>
<p class="p4">2024- ,,70 ÉV- 7 művész, 7 alkotás,, Dombóvár</p>
</div>
<div>
<p class="p4">2024- Godot Art Expo, Budapest</p>
</div>
<div>
<p class="p4">2025- Godot Art Expo, Budapest</p>
<p><strong>PUBLIKÁCIÓK</strong></p>
</div>
</div>
</div>
<div class="layoutArea">
<div class="column">
<p>Umeľkyňa z ocele- Jediná slovenská maliarka, ktorá zvládla <span style="font-size: inherit;">prekážkový beh britskej pechoty, je Alexandra Kršňáková, NOVÝ ČAS </span><span style="font-size: inherit;">PRE ŽENY,</span><span style="font-size: inherit;">2011</span></p>
</div>
</div>
<div class="layoutArea">
<div class="column">
<p>Alexandra sa váľa v blate, maľuje akty aj karikatúry, KORZÁR <span style="font-size: inherit;">SME, 2013</span></p>
</div>
</div>
<div class="layoutArea">
<div class="column">
<p>Négykezes vászonra, bőrre, papírra, falra és monitorra, MADE IN <span style="font-size: inherit;">PÉCS </span><span style="font-size: inherit;">, 2017</span></p>
</div>
</div>
<div class="layoutArea">
<div class="column">
<p>Kitömött fejek, LUGAS, Magyar idők, <span style="font-size: inherit;">2019</span></p>
</div>
<p><strong>DÍJAK</strong></p>
<p>Young Art Generation Art Fair &#8211; Fődíj, 2017</p>
<p>Emberi Erőforrások Minisztériuma Díj- 2021</p>
</div>
</div>
</div>
</div>
</div>
</div>
</div>
</div>
</div>
</div>
</div>
<div class="column"></div>
<div></div>
<div></div>

<p>TANULMÁNYOK Konstantin Filozófus Egyetem &#8211; Nyitra Képzőművészeti és pedagógiai tanár-mesterfokozat Diplomamunka címe: Jelenkori figurális festészet Szlovákiában Konstantin Filozófus Egyetem &#8211; Nyitra Képzőművészeti és pedagógiai tanár-alapfokozat Diplomamunka címe: Digital Painting KIÁLLÍTÁSOK Egyéni 2017- Young Generation Art Fair , Budapest 2019- Godot Galéria ,,Álarc mögött,, , Budapest 2019- OTP Bank Galéria ,,Álarcok és érzelmek, Budapest 2019- Takáts Gyula Könyvtár ,,Álarcok és érzelmek,, Kaposvár 2019- Vajdahunyad Vár ,, Magánélet,, Budapest Csoportos 2015- Nyitrai</p>
<div class="read-more"><a class="btn read-more-btn" href="https://artofkrsnak.hu/?page_id=7">Read More</a></div>
