{"id":3561,"date":"2026-04-21T11:23:10","date_gmt":"2026-04-21T11:23:10","guid":{"rendered":"https:\/\/artofkrsnak.hu\/?page_id=3561"},"modified":"2026-04-22T07:44:49","modified_gmt":"2026-04-22T07:44:49","slug":"flower-blossom","status":"publish","type":"page","link":"https:\/\/artofkrsnak.hu\/?page_id=3561","title":{"rendered":"Exhibitions"},"content":{"rendered":"\n<p><strong>Solo<\/strong><\/p>\n\n\n\n<p>2017- Young Generation Art Fair , Budapest<\/p>\n\n\n\n<p>2019- Godot Gal\u00e9ria ,,\u00c1larc m\u00f6g\u00f6tt,, , Budapest<\/p>\n\n\n\n<p>2019- OTP Bank Gal\u00e9ria ,,\u00c1larcok \u00e9s \u00e9rzelmek, Budapest<\/p>\n\n\n\n<p>2019- Tak\u00e1ts Gyula K\u00f6nyvt\u00e1r ,,\u00c1larcok \u00e9s \u00e9rzelmek,, Kaposv\u00e1r<\/p>\n\n\n\n<p>2019- Vajdahunyad V\u00e1r ,, Mag\u00e1n\u00e9let,, Budapest<\/p>\n\n\n\n<p><strong>Group<\/strong><\/p>\n\n\n\n<p>2015- Nyitrai gal\u00e9ria (Nitriansk\u00e1 gal\u00e9ria) ,,Diplom,, Nyitra, Szlov\u00e1kia<\/p>\n\n\n\n<p>2019- Galleria Merlino ,, Arte e Collezionismo,, ,Firenze,<\/p>\n\n\n\n<p>2020- Gallery M21 ,,\u00c1llapotfelm\u00e9r\u00e9s | P\u00e9cs2019,, P\u00e9cs,<\/p>\n\n\n\n<p>2020-Savremena galerija Subotica ,,Hat\u00e1rtalan k\u00e9pz\u0151m\u0171v\u00e9szet,, Szerbia<\/p>\n\n\n\n<p>2021- I. Felvid\u00e9ki Sz\u00e9pm\u0171v\u00e9szeti Bienn\u00e1l\u00e9, Kom\u00e1rom<\/p>\n\n\n\n<p>2024- ,,70 \u00c9V- 7 m\u0171v\u00e9sz, 7 alkot\u00e1s,, Domb\u00f3v\u00e1r<\/p>\n\n\n\n<p>2024- Godot Art Expo, Budapest<\/p>\n\n\n\n<p>2025- Godot Art Expo, Budapest<\/p>\n","protected":false},"excerpt":{"rendered":"<p>Solo 2017- Young Generation Art Fair , Budapest 2019- Godot Gal\u00e9ria ,,\u00c1larc m\u00f6g\u00f6tt,, , Budapest 2019- OTP Bank Gal\u00e9ria ,,\u00c1larcok \u00e9s \u00e9rzelmek, Budapest 2019- Tak\u00e1ts Gyula K\u00f6nyvt\u00e1r ,,\u00c1larcok \u00e9s \u00e9rzelmek,, Kaposv\u00e1r 2019- Vajdahunyad V\u00e1r ,, Mag\u00e1n\u00e9let,, Budapest Group 2015- Nyitrai gal\u00e9ria (Nitriansk\u00e1 gal\u00e9ria) ,,Diplom,, Nyitra, Szlov\u00e1kia 2019- Galleria Merlino ,, Arte e Collezionismo,, ,Firenze, 2020- Gallery M21 ,,\u00c1llapotfelm\u00e9r\u00e9s | P\u00e9cs2019,, P\u00e9cs, 2020-Savremena galerija Subotica ,,Hat\u00e1rtalan k\u00e9pz\u0151m\u0171v\u00e9szet,, Szerbia 2021- I. Felvid\u00e9ki<\/p>\n<div class=\"read-more\"><a class=\"btn read-more-btn\" href=\"https:\/\/artofkrsnak.hu\/?page_id=3561\">Read More<\/a><\/div>\n","protected":false},"author":1,"featured_media":0,"parent":0,"menu_order":0,"comment_status":"closed","ping_status":"closed","template":"","meta":{"_monsterinsights_skip_tracking":false,"_monsterinsights_sitenote_active":false,"_monsterinsights_sitenote_note":"","_monsterinsights_sitenote_category":0,"_vp_format_video_url":"","_vp_image_focal_point":[],"footnotes":""},"class_list":["post-3561","page","type-page","status-publish","hentry"],"_links":{"self":[{"href":"https:\/\/artofkrsnak.hu\/index.php?rest_route=\/wp\/v2\/pages\/3561","targetHints":{"allow":["GET"]}}],"collection":[{"href":"https:\/\/artofkrsnak.hu\/index.php?rest_route=\/wp\/v2\/pages"}],"about":[{"href":"https:\/\/artofkrsnak.hu\/index.php?rest_route=\/wp\/v2\/types\/page"}],"author":[{"embeddable":true,"href":"https:\/\/artofkrsnak.hu\/index.php?rest_route=\/wp\/v2\/users\/1"}],"replies":[{"embeddable":true,"href":"https:\/\/artofkrsnak.hu\/index.php?rest_route=%2Fwp%2Fv2%2Fcomments&post=3561"}],"version-history":[{"count":2,"href":"https:\/\/artofkrsnak.hu\/index.php?rest_route=\/wp\/v2\/pages\/3561\/revisions"}],"predecessor-version":[{"id":3591,"href":"https:\/\/artofkrsnak.hu\/index.php?rest_route=\/wp\/v2\/pages\/3561\/revisions\/3591"}],"wp:attachment":[{"href":"https:\/\/artofkrsnak.hu\/index.php?rest_route=%2Fwp%2Fv2%2Fmedia&parent=3561"}],"curies":[{"name":"wp","href":"https:\/\/api.w.org\/{rel}","templated":true}]}}

<p><strong>Solo</strong></p>



<p>2017- Young Generation Art Fair , Budapest</p>



<p>2019- Godot Galéria ,,Álarc mögött,, , Budapest</p>



<p>2019- OTP Bank Galéria ,,Álarcok és érzelmek, Budapest</p>



<p>2019- Takáts Gyula Könyvtár ,,Álarcok és érzelmek,, Kaposvár</p>



<p>2019- Vajdahunyad Vár ,, Magánélet,, Budapest</p>



<p><strong>Group</strong></p>



<p>2015- Nyitrai galéria (Nitrianská galéria) ,,Diplom,, Nyitra, Szlovákia</p>



<p>2019- Galleria Merlino ,, Arte e Collezionismo,, ,Firenze,</p>



<p>2020- Gallery M21 ,,Állapotfelmérés | Pécs2019,, Pécs,</p>



<p>2020-Savremena galerija Subotica ,,Határtalan képzőművészet,, Szerbia</p>



<p>2021- I. Felvidéki Szépművészeti Biennálé, Komárom</p>



<p>2024- ,,70 ÉV- 7 művész, 7 alkotás,, Dombóvár</p>



<p>2024- Godot Art Expo, Budapest</p>



<p>2025- Godot Art Expo, Budapest</p>

<p>Solo 2017- Young Generation Art Fair , Budapest 2019- Godot Galéria ,,Álarc mögött,, , Budapest 2019- OTP Bank Galéria ,,Álarcok és érzelmek, Budapest 2019- Takáts Gyula Könyvtár ,,Álarcok és érzelmek,, Kaposvár 2019- Vajdahunyad Vár ,, Magánélet,, Budapest Group 2015- Nyitrai galéria (Nitrianská galéria) ,,Diplom,, Nyitra, Szlovákia 2019- Galleria Merlino ,, Arte e Collezionismo,, ,Firenze, 2020- Gallery M21 ,,Állapotfelmérés | Pécs2019,, Pécs, 2020-Savremena galerija Subotica ,,Határtalan képzőművészet,, Szerbia 2021- I. Felvidéki</p>
<div class="read-more"><a class="btn read-more-btn" href="https://artofkrsnak.hu/?page_id=3561">Read More</a></div>
